the second derivative of d(h). Give q(5).
8
Let c = 538 + -534. Let g(d) = 2*d - 7. Determine g(c).
1
Let f be (8/5)/((-24)/60). Let z(n) = 6*n**2 - 4*n - 2. Let x be (-1 - -3 - 7) + 0. Let p(r) = -r**2 + r. Let i(u) = x*p(u) - z(u). Give i(f).
-10
Let v = -5 + 5. Suppose v = -5*o - 20, -o = -0*m + 2*m - 16. Suppose -16 = -j - m. Let h(y) = y**2 - 5*y - 8. What is h(j)?
-2
Let z be ((-14)/6)/(3/9). Let r(f) = -79*f**2 - 56*f + 1. Let n(k) = 43*k**2 + 30*k. Let g(c) = 11*n(c) + 6*r(c). Calculate g(z).
-1
Let p(m) = 3*m**2 - 1. Suppose -2*t = -3*t - 2. Let r = t - -15. Let y = -12 + r. Calculate p(y).
2
Let h(o) = o**2 + 6*o + 6. Let q be h(-6). Let l(k) = 2*k + 2. Let t(v) = v**2 - 13*v - 6. Let j(s) = 3*l(s) + t(s). Calculate j(q).
-6
Let q(g) = 6*g + 4*g - 3*g - g**2. Let d(h) = 3*h**2 - 25*h + 16. Let n be d(8). Determine q(n).
-8
Let t(z) = -3*z - 1. Let y(i) = -i. Let x(o) = 2*t(o) - 3*y(o). Suppose -2 = -4*f - 5*a, -f = -2*f + 2*a + 7. What is x(f)?
-11
Let s(j) = 3*j**3 + j**2 - 2*j + 1. Let m be s(1). Let g(i) = 50 - 28 - 23 - m*i**3 + 5*i**2 - 3*i**2. Determine g(-1).
4
Let s(f) = -f**2 + 10*f - 8. Let w = 1168 - 1159. Calculate s(w).
1
Let j(y) be the third derivative of y**9/60480 - y**7/2520 + y**6/180 - 7*y**5/30 + y**3/6 - 29*y**2. Let x(n) be the third derivative of j(n). What is x(-3)?
-17
Let v(n) be the first derivative of -n**4/4 - 10*n**3/3 - 15*n**2/2 + 14*n - 271. Determine v(-8).
6
Let j(z) = 15 + z + 9 + 0 - 9. Calculate j(0).
15
Let u(f) = -2*f + 1. Let t(a) = 2*a**2 - 11*a + 11. Let o be t(5). Suppose 14 = h + o*h. Determine u(h).
-3
Let t(z) = z**3 + 9*z**2 - 71*z - 17. Let o be t(-14). Let y = -3 - -6. Let m(u) = 0*u**y - 4*u + u**2 + 2*u**3 - u**3. Give m(o).
-6
Let a(s) be the third derivative of s**3 + 0*s + 0 - 7*s**2 - 1/10*s**5 - 1/120*s**6 - 1/6*s**4. Let j(w) = -2*w + 5. Let g be j(5). Determine a(g).
1
Let x(z) = -z**3 + 8*z**2 - 7*z - 6. Let c(l) = -l**3 + 6*l**2 - 5*l - 5. Let p be c(4). Calculate x(p).
-6
Let h(j) = -2*j + 15. Let x be (-1*1/(-4))/(2/16). Let i be 3 + -7*(1 - x). Calculate h(i).
-5
Suppose -195*w + 198 = -228*w. Let j(q) be the first derivative of -q**3/3 - 9*q**2/2 - 6*q + 2. Calculate j(w).
12
Let r = 1606 - 1611. Let x(o) = 2*o**3 + 9*o**2 - 6*o - 2. What is x(r)?
3
Suppose 2*y - 24 - 5 = 5*k, -3*y - k + 1 = 0. Let u(b) be the second derivative of 3/2*b**2 - 2/3*b**3 + 4*b + 0. Determine u(y).
-5
Let f(q) = -q**2 + 9*q - 6. Let i be f(8). Let s(y) = -24 + 0*y + 23 + 0*y + y**i. Let g(w) = -w**3 - 6*w**2 - 5*w - 2. Let m be g(-5). Give s(m).
3
Let w(b) = -3*b**2 + 11*b - 4. Let l be 13/(-117) + -74*6/(-108). What is w(l)?
-8
Let n(s) = -16*s**3 - 8*s**2 - 3*s**2 + 17*s**3 - 4 - 2. What is n(11)?
-6
Let r(u) = 3*u - 1. Suppose 4*p + 0*p + 4*c = -4, 12 = -5*p + 2*c. Give r(p).
-7
Let p(h) = 3*h + 13. Let a be p(-6). Let y(j) = j**3 - 4*j**2 + 4*j. Let t be y(3). Let m(d) = -7*d**2 + d**2 - 3*d - 3*d**3 - 2*d + 2*d**t. What is m(a)?
0
Suppose 2*m = 3*m - 5. Let f(v) = 0 + 1 - m + 5 + v. What is f(-6)?
-5
Let w(h) = -5 + 8*h**2 - 562*h - 7*h**2 + 558*h. What is w(6)?
7
Let o(k) be the second derivative of -k**7/840 - k**6/72 + k**5/120 - k**4/24 + 23*k**3/6 + 11*k. Let m(x) be the second derivative of o(x). What is m(-4)?
-21
Let m be (-130)/(-14) - (-4)/(-14). Let b(p) = -4*p**3 + 23*p**2 + 40*p - 3. Let h(y) = -y**3 + 6*y**2 + 10*y - 1. Let q(d) = -2*b(d) + 9*h(d). Determine q(m).
6
Let p(z) = -z**2 + z. Suppose 5*s + 2*m = 37 + 3, -s + 8 = -4*m. Let q(a) = a**2 - 8*a + 9. Let f be q(5). Let h = f + s. Determine p(h).
-2
Let w(a) = 2 - 2 - 7*a. Let o = -390 - -391. Calculate w(o).
-7
Let a(i) be the first derivative of -3*i**2 - 35*i + 840. Calculate a(-6).
1
Let r(u) = u**3 - 4*u**2 + 9*u + 6. Let q(g) = 66*g - 75*g - 2 - 4 - 2*g**3 + 3*g**2. Let a(o) = 2*q(o) + 3*r(o). What is a(-7)?
-8
Let c(i) = 3*i + i + 3 - i - 5*i. Let y be c(6). Let p(j) = j + 5. Give p(y).
-4
Suppose 2*s + 24 = -3*d + 45, 4*d - 49 = -5*s. Let v(o) = o**3 - 9*o**2 - o - 9. Calculate v(s).
-18
Suppose -12 = 4*h - 7*h. Suppose h*i = -i + 20. Suppose -6 = 2*n + 4*x, -5*n - i = x + 2. Let q(c) = c - 1. Determine q(n).
-2
Let b(j) = 8*j**2 - 12*j - 12. Let i(l) = -3*l**2 + 4*l + 4. Let u(z) = 5*b(z) + 14*i(z). Determine u(-3).
-10
Let m(l) = -l**2 + 2*l - 1. Suppose -35*b - 16 = -27*b. Calculate m(b).
-9
Let d(c) be the second derivative of c**4/12 + 13*c**3/6 + c**2/2 - 11*c. Suppose 0 = 4*h + 8 + 44. Let a be d(h). Let b(r) = -8*r + 1. Determine b(a).
-7
Let x(c) = c**2 - 19*c + 18. Let t be x(13). Let o = t + 58. Let z(n) = n**3 - n - 1. What is z(o)?
-7
Let w = -146 - -140. Let z(i) = i**3 + 5*i**2 - 8*i + 2. Determine z(w).
14
Let w(j) = 1. Let t(s) be the first derivative of s**2/2 + 13*s - 10. Let i(n) = t(n) - 4*w(n). Let d be (0 - 21/3)/1. What is i(d)?
2
Suppose 2*x - 54 + 16 = 0. Suppose 4*o = x + 1, -19 = -3*p - 2*o. Suppose p*m - 4 = 5*m. Let b(z) = -z**3 - z**2 - 1. Give b(m).
3
Let j(z) = -2 - 217*z + 218*z - 9*z**2 + z**2. Give j(1).
-9
Let s(o) = o**2 - 808*o - 2 + 400*o + 409*o. Let h = 8 - 6. Give s(h).
4
Let i = -2 - -3. Let s(x) = -x**3 - 6*x**2 + x + 9. Let q be s(-6). Let y(h) = 5*h**q - 10*h**3 + h + 3*h**3 + 7*h**3. Determine y(i).
6
Let h(q) be the third derivative of -1/30*q**5 + 11/120*q**6 + 0*q - 1/6*q**3 + 0 - 3*q**2 - 1/12*q**4. Suppose 2*t = -28 + 26. What is h(t)?
-12
Let b(f) be the third derivative of 0*f - 1/24*f**4 + 0 - 8*f**2 + 0*f**3. Calculate b(5).
-5
Let z(i) be the second derivative of -8*i - 1/12*i**4 - 5*i**2 + 0 - 3/2*i**3. Let c(g) = g**2 - g - 7. Let b be c(0). What is z(b)?
4
Let g(z) = -2 + 287*z**2 + 3 + 284*z**2 - 579*z**2. Give g(1).
-7
Let z = 70 - 40. Suppose 0*l + 6*l - z = 0. Let b(u) = u - 6. Calculate b(l).
-1
Let l(q) = q + 2. Let c = 16 + -16. Suppose 9*j = -c*j. Give l(j).
2
Suppose -13 = -l - 1. Suppose -2*m + l = -2*j, 5*j = j - 5*m - 15. Let i(b) = b**2 + 5*b - 2. Calculate i(j).
-2
Let n(p) = 4*p + 2. Let y be n(-2). Let s = 71 + -62. Let f(k) = s - 2*k - 5 + 5 + 5*k. Give f(y).
-9
Let b(r) = r**3 - r**2 + r - 8. Let o be b(3). Suppose 0 = p - 0*c - 3*c - 18, -p + 5*c + 22 = 0. Let n = p - o. Let a(z) = 5*z - 1. What is a(n)?
-6
Let v(d) = 3*d**3 - 65*d**2 - 30*d + 188. Let w be v(22). Let s(u) = u**3 - 10*u**2 - 25*u - 1. Determine s(w).
-13
Let t(w) be the third derivative of -w**4/24 - w**3/6 - 42*w**2. Let n be 50/(-20)*16/10. What is t(n)?
3
Let m(t) = -t**2 + 56*t + 186. Let c be m(59). Let b(z) = -4*z**2 + 11*z + 13. Let h(v) = -3*v**2 + 10*v + 12. Let n(l) = -2*b(l) + 3*h(l). What is n(c)?
1
Let f(y) = 3*y**2 + 25*y + 10. Let o be f(-8). Let r(t) = 7*t + 3*t**o - 9*t**2 + 11 + 5*t**2. Determine r(8).
3
Let u(w) be the first derivative of -3*w + 19*w**2 - 17*w**2 - 1 + 16. Calculate u(3).
9
Let k(p) = 29 - 119*p + 486*p - 121*p - 126*p - 123*p. Determine k(17).
-22
Suppose -336 = -13*k - k. Suppose -3*v = k - 45. Let l(d) be the second derivative of d**4/12 - 7*d**3/6 + d**2 - d. Give l(v).
2
Let c = -115 - -114. Let k(f) = 2*f**3 + f**2. Give k(c).
-1
Let g(n) = 7 + 8*n - 26*n**2 + 1 + 27*n**2 - 10*n**2 + n**3. Determine g(8).
8
Let h(r) = -9*r**3 + 3*r**2 + 2*r + 3. Let n(b) = 27*b**3 - 10*b**2 - 6*b - 10. Let m(t) = -7*h(t) - 2*n(t). What is m(-1)?
-9
Let t(x) = -6 - 12 + 6*x**2 + 3*x**3 - x + 17. Let j(m) = -m**2. Let n(d) = 4*j(d) + t(d). Determine n(-2).
-15
Let u(k) = -k**3 - 4*k**2 - k - 5. Suppose -25*q - 62 - 38 = 0. Determine u(q).
-1
Let i(x) be the second derivative of x**3/6 + 2*x**2 - 4*x - 7. Suppose -4*v + 3 = -5. Suppose 2*n - 10 - v = 0. Determine i(n).
10
Suppose -x - c - 6 = -2*x, 5*c = 3*x - 26. Let g(i) = -i**x + i - 1 + 6*i - 1. Suppose 17*s - 26232 = -26130. What is g(s)?
4
Let h(x) = 2*x + 8. Suppose 31 = 4*w - 65. Let a be 2/3 - (-56)/w. Let o be (1 - -7)/(-4)*a. Calculate h(o).
-4
Let o(a) = a**2 - 2*a - 2. Let p = 117 + -114. Give o(p).
1
Let t(z) = 9 - 6*z**3 + z**2 + 0*z - z**2 - 10 - 2*z. Calculate t(2).
-53
Let h(p) be the third derivative of p**5/60 - 2*p**4/3 + p**3/6 + 5*p**2 - 1. What is h(12)?
-47
Let s = 282 - 288. Let b(c) = -c**2 - 3*c + 6. What is b(s)?
-12
Suppose 0 = f - 4*n - 6 - 4, 2*n = 3*f - 10. Let w(j) = -16*j**f - 3*j**3 + 11*j**2 - j + 3 + 2*j**3. Calculate w(-5).
8
Let j be -1*(28/4 + -12